{"id":3268,"date":"2026-04-16T12:07:44","date_gmt":"2026-04-16T10:07:44","guid":{"rendered":"https:\/\/activitesenfamille.fr\/?post_type=product&#038;p=3268"},"modified":"2026-04-16T12:08:42","modified_gmt":"2026-04-16T10:08:42","slug":"livret-du-1er-mai","status":"publish","type":"product","link":"https:\/\/activitesenfamille.fr\/index.php\/produit\/livret-du-1er-mai\/","title":{"rendered":"Livret du 1er Mai"},"content":{"rendered":"<p>Envie de c\u00e9l\u00e9brer le 1er Mai de mani\u00e8re cr\u00e9ative avec les enfants ? Ce livret d&rsquo;activit\u00e9s est parfait pour une immersion joyeuse dans l&rsquo;univers du muguet et des coccinelles !<\/p>\n<div style=\"width: 720px;\" class=\"wp-video\"><video class=\"wp-video-shortcode\" id=\"video-3268-1\" width=\"720\" height=\"1280\" autoplay preload=\"metadata\" controls=\"controls\"><source type=\"video\/mp4\" src=\"https:\/\/activitesenfamille.fr\/wp-content\/uploads\/2026\/04\/2026-04-15-193924463.mp4?_=1\" \/><a href=\"https:\/\/activitesenfamille.fr\/wp-content\/uploads\/2026\/04\/2026-04-15-193924463.mp4\">https:\/\/activitesenfamille.fr\/wp-content\/uploads\/2026\/04\/2026-04-15-193924463.mp4<\/a><\/video><\/div>\n<p>Voici ce que tu trouveras dans ce mat\u00e9riel :<\/p>\n<ul>\n<li>Un livret d&rsquo;activit\u00e9s manuelles complet, pr\u00eat \u00e0 l&#8217;emploi pour le 1er Mai.<\/li>\n<li>Des pages d\u00e9di\u00e9es \u00e0 la d\u00e9coupe et au collage de jolies coccinelles, de brins de muguet et de feuilles.<\/li>\n<li>Les enfants cr\u00e9eront un magnifique \u00ab\u00a0Tableau du 1er Mai\u00a0\u00bb et un \u00ab\u00a0Bouquet du 1er Mai\u00a0\u00bb personnalis\u00e9.<\/li>\n<li>Ce livret d&rsquo;activit\u00e9s ludique est id\u00e9al pour les petits.<\/li>\n<\/ul>\n<p>Gr\u00e2ce \u00e0 ce livret, les \u00e9l\u00e8ves d\u00e9veloppent des comp\u00e9tences essentielles :<\/p>\n<ul>\n<li><strong>Motricit\u00e9 fine :<\/strong>\u00a0Ils am\u00e9liorent leur dext\u00e9rit\u00e9 en d\u00e9coupant et en collant avec pr\u00e9cision.<\/li>\n<li><strong>Cr\u00e9ativit\u00e9 et imagination :<\/strong>\u00a0Ils expriment leur sens artistique en composant leurs propres \u0153uvres uniques.<\/li>\n<li><strong>Coordination \u0153il-main :<\/strong>\u00a0Les activit\u00e9s de collage renforcent cette comp\u00e9tence cl\u00e9 de mani\u00e8re amusante.<\/li>\n<li><strong>D\u00e9couverte culturelle :<\/strong>\u00a0Ils explorent le th\u00e8me du 1er Mai de mani\u00e8re ludique et significative.<\/li>\n<li><strong>Concentration :<\/strong>\u00a0Les t\u00e2ches manuelles favorisent une meilleure attention et la pers\u00e9v\u00e9rance.<\/li>\n<\/ul>\n","protected":false},"excerpt":{"rendered":"<p>Envie de c\u00e9l\u00e9brer le 1er Mai de mani\u00e8re cr\u00e9ative avec les enfants ? Ce livret d&rsquo;activit\u00e9s est parfait pour une immersion joyeuse dans l&rsquo;univers du muguet et des coccinelles ! Vid\u00e9o de pr\u00e9sentation en description.<\/p>\n","protected":false},"featured_media":3270,"comment_status":"open","ping_status":"closed","template":"","meta":{"jetpack_post_was_ever_published":false},"product_brand":[],"product_cat":[103],"product_tag":[],"class_list":{"0":"post-3268","1":"product","2":"type-product","3":"status-publish","4":"has-post-thumbnail","6":"product_cat-1er-mai","8":"first","9":"instock","10":"featured","11":"downloadable","12":"shipping-taxable","13":"purchasable","14":"product-type-simple"},"jetpack_sharing_enabled":true,"jetpack-related-posts":[],"_links":{"self":[{"href":"https:\/\/activitesenfamille.fr\/index.php\/wp-json\/wp\/v2\/product\/3268","targetHints":{"allow":["GET"]}}],"collection":[{"href":"https:\/\/activitesenfamille.fr\/index.php\/wp-json\/wp\/v2\/product"}],"about":[{"href":"https:\/\/activitesenfamille.fr\/index.php\/wp-json\/wp\/v2\/types\/product"}],"replies":[{"embeddable":true,"href":"https:\/\/activitesenfamille.fr\/index.php\/wp-json\/wp\/v2\/comments?post=3268"}],"wp:featuredmedia":[{"embeddable":true,"href":"https:\/\/activitesenfamille.fr\/index.php\/wp-json\/wp\/v2\/media\/3270"}],"wp:attachment":[{"href":"https:\/\/activitesenfamille.fr\/index.php\/wp-json\/wp\/v2\/media?parent=3268"}],"wp:term":[{"taxonomy":"product_brand","embeddable":true,"href":"https:\/\/activitesenfamille.fr\/index.php\/wp-json\/wp\/v2\/product_brand?post=3268"},{"taxonomy":"product_cat","embeddable":true,"href":"https:\/\/activitesenfamille.fr\/index.php\/wp-json\/wp\/v2\/product_cat?post=3268"},{"taxonomy":"product_tag","embeddable":true,"href":"https:\/\/activitesenfamille.fr\/index.php\/wp-json\/wp\/v2\/product_tag?post=3268"}],"curies":[{"name":"wp","href":"https:\/\/api.w.org\/{rel}","templated":true}]}}